 -4*g - 6 + w = 0. List the prime factors of g.
11
Let l be 2 - (2 - 0)/(-2). What are the prime factors of (10/6)/(l/54)?
2, 3, 5
Suppose -2*x = -7*x. Suppose x*w = 4*w - 3*d - 159, -2*w = -d - 77. Suppose 5*t - w = t. What are the prime factors of t?
3
Let w be (1 - -2) + -2 - -7. Let p be 366/24 - 2/w. Let t = 21 - p. What are the prime factors of t?
2, 3
Suppose -o + 3*d = -2*o + 6, o = 5*d - 2. Suppose 3*y - 2 + 0 = -p, -2*y + 16 = -o*p. What are the prime factors of y?
2
Let r be (9*1)/(6/(-6)). List the prime factors of (15/r - -1)*-9.
2, 3
Let k(t) = -t**2 + 7*t + 11. Let v be k(8). Let b = -4 - -6. Suppose -b*p = v*p - 25. What are the prime factors of p?
5
Let x = -167 + 391. List the prime factors of x.
2, 7
Let a(r) = -2*r**3 - 4*r**2 - 3*r - 1. Suppose -10 = u - 2. Let b be u/6 + 2/(-3). What are the prime factors of a(b)?
5
Suppose -2*u + 139 = -2*f - f, -9 = -3*f. What are the prime factors of u?
2, 37
Suppose -2*s - 121 = -3*n, 0*s + 76 = 2*n + s. List the prime factors of n.
3, 13
Let s(n) = -n + 4. Let p be s(4). Suppose 3*w + w - 36 = p. What are the prime factors of w?
3
Let g = -2 + 4. Suppose -g*c = -0*c. Suppose c = 4*b + 4*o - 24, 2*b + 3*o - 8 - 1 = 0. What are the prime factors of b?
3
Let p be (-16)/2*14/(-8). List the prime factors of 4/p - 288/(-21).
2, 7
Let i = -16 + 26. Suppose -5*f + 5*d = -15, 0 = f + d + 4*d + 3. Suppose 3*o - i = k + 2, -f*o + k = -9. What are the prime factors of o?
3
Suppose -29 = -2*g - 5. Let a = g + -4. Let d = a - 4. List the prime factors of d.
2
What are the prime factors of 45/6 - (-1)/2?
2
Let r be (-2)/(-1) + 0 + 3. Suppose -4*g + 5 = -9*g + r*j, -4*j + 4 = 5*g. List the prime factors of 1*(11 + (0 - g)).
11
Let s = 165 + -98. What are the prime factors of s?
67
Let g = -9 - -14. Suppose -2*c - 60 = -g*c. List the prime factors of 132/10 + (-4)/c.
13
Let p(r) = -3*r + 0*r + r**2 + 0*r**2. Let l be p(4). Suppose 0 = -l*b + 3*t + 14, 3*t = -0*b - b - 4. List the prime factors of b.
2
Let a(u) = u**3 - 5*u**2 - 4*u - 7. Let b be a(6). Suppose -4*h + 5*q - 2*q = -4, -3*q = 5*h - b. List the prime factors of h*2*(-1 + 2).
2
Suppose -4*m + 495 = -317. List the prime factors of m.
7, 29
Suppose 3*n = -2*q + 711, -1207 = -5*n + 5*q + 3. What are the prime factors of n?
239
Suppose -219 = -3*k + 2*r, 3*r + 292 = 4*k - 2*r. Suppose -3*t + 3*q + 72 = 0, 3*q = -3*t + t + k. List the prime factors of t.
29
Let x be ((-1 - -2) + -3)/1. Let f = x + 19. List the prime factors of f.
17
Let x = 68 + -46. Suppose 4*i + 0*c - c = x, -40 = -5*i - 5*c. Suppose i*s = s + 10. What are the prime factors of s?
2
Suppose 1 = 2*x - 3*k, 0*x + k = 2*x + 1. Let j(l) = 49*l**2 + 2*l + 2. List the prime factors of j(x).
7
Suppose -10*r + 8*r = -186. List the prime factors of r.
3, 31
Suppose 4*u + n = -n + 24, 3*u + 5*n - 32 = 0. Suppose 0 = u*w - w - 111. What are the prime factors of w?
37
What are the prime factors of (-1)/(4/240*-2)?
2, 3, 5
Let u(j) = j**3 + 8*j**2 + 7*j + 2. Let z be u(-7). What are the prime factors of 0 + 9*6/z?
3
What are the prime factors of (8/6)/(-2 - (-2560)/1272)?
2, 53
Let y(l) = -4*l + 5. Let n be y(7). Let w be (1 + 23)*(-6)/4. Let b = n - w. List the prime factors of b.
13
Let s be -1 - 5*(-10)/2. Suppose -s = -2*u + 3*h + h, 6 = 2*h. Suppose k + 4*l = -u, k + 12 = -3*k - 4*l. List the prime factors of k.
2
Suppose 2*b + 5*i - 80 = 3*i, b - 5*i = 58. List the prime factors of b.
43
Let z = 44 + -29. What are the prime factors of z?
3, 5
Let i be (-12)/3 - -3 - -2. What are the prime factors of i/(2/(-18)*-3)?
3
Let s be 250/6 + 2/6. Let k = 165 - s. Suppose 28 = -5*n + k. What are the prime factors of n?
19
Suppose 5*a + 0*a = 50. Suppose 0 = 5*t - 60 + a. What are the prime factors of t?
2, 5
Let a = 13 - 11. Suppose -a*z = 2*z - 200. What are the prime factors of z?
2, 5
Let d = 1 - -2. Let p = -3 - -3. Let n = d - p. What are the prime factors of n?
3
Suppose -4*b + 18 = -b. Let c = b - 3. Suppose -u = -c*u + 6. List the prime factors of u.
3
Suppose -5*y + 8 = -y. Let l(d) = -1 + 4*d**y + 1 + 3 - 2*d + d - d**3. List the prime factors of l(3).
3
Suppose 0 = -5*c + 880 - 350. List the prime factors of c.
2, 53
Let r(d) = -1 + 2 - d + 1. Let u(s) = -s**2 - 2*s + 7. Let p be u(-5). What are the prime factors of r(p)?
2, 5
Let y(k) = -2 - 5 + 2*k - 1. List the prime factors of y(9).
2, 5
Let t(z) = -z - 2. Let o be t(-2). List the prime factors of 23 + (o/(-4))/(-3).
23
Let l(r) = -r**2 - 15*r + 4. What are the prime factors of l(-14)?
2, 3
Let m(x) = -3*x - 3. Let q be m(-2). Suppose 0 = -q*a + 25 + 11. List the prime factors of a.
2, 3
Let x(d) = -d**3 - 3*d**2 - 2*d - 2. Let b be x(-4). Let h = 30 + b. List the prime factors of h.
2, 13
Suppose -y = -5*y + 156. What are the prime factors of y?
3, 13
Let g(u) = -u + 1. Let t be g(0). Let k(x) = 8*x. What are the prime factors of k(t)?
2
Suppose -k + 21 = -2*l, -3*k = -3*l - l - 59. List the prime factors of k.
17
Let m = 5 - 8. Let s = m + -44. Let h = 68 + s. What are the prime factors of h?
3, 7
Let w be (-6)/((-9)/3) - 4. Let h = -3 - w. Let p(z) = 12*z**2 - 1. List the prime factors of p(h).
11
Let n = -3 - -5. What are the prime factors of ((-18)/15 + n)*10?
2
Let b = 13 + -4. Suppose 4*t - 39 - b = 0. List the prime factors of t.
2, 3
Let v(w) = -w**3 - 2*w**2 - 3*w - 2. Suppose 2*x + 8 = -2*x. List the prime factors of v(x).
2
Suppose 21 = q + 6. Suppose 0*m - 5*n = 4*m - 75, 5*n - q = 0. What are the prime factors of m?
3, 5
Suppose -48 = -0*w - 2*w. What are the prime factors of (w/10)/(3/15)?
2, 3
Let g = -682 + 959. List the prime factors of g.
277
Let v = -389 - -723. What are the prime factors of v?
2, 167
Let y(a) = a**2 - 8*a + 2. Let w be y(8). Suppose 3*s + w*s - 40 = 0. List the prime factors of s.
2
Let z(v) be the second derivative of -v**3/6 + 9*v**2/2 + v. Let u be z(-7). Suppose -u - 16 = -4*b. What are the prime factors of b?
2
Let b(a) = a + 1. Let t be b(1). Suppose -t = -2*l + 8. Suppose g + 20 = l*g. What are the prime factors of g?
5
Suppose -3 = h - 2*h. Suppose -75 = -5*g - 5*z, h*z + 71 = 4*g + 4. List the prime factors of g.
2
Let u = 6 + -6. Suppose -4*r - 2 - 2 = u. List the prime factors of 15/6 - r/(-2).
2
Suppose 8*h = 11*h - 366. What are the prime factors of h?
2, 61
Suppose 0 = 3*o + 2*r - 207, -5*r + 173 = 4*o - 96. What are the prime factors of o?
71
Let m(u) = 2*u**2 + 1. What are the prime factors of m(-5)?
3, 17
Suppose 2*u + 0*u - 5*r - 63 = 0, -5*u = -5*r - 195. Suppose 0 = -7*p + 3*p + u. What are the prime factors of p?
11
Let r(q) = 2*q + 5. Let t be r(-10). Let c be (t/(-10))/(2/(-4)). Let o = c + 6. List the prime factors of o.
3
Suppose 2*j - 9 = -j. Suppose -j*p - 18 = -6*p. List the prime factors of (-18)/12*(-28)/p.
7
Let q = -107 - -224. List the prime factors of q.
3, 13
Suppose -2*d - 50 + 148 = 0. What are the prime factors of d?
7
Let z be 24/16*460/6. Suppose -z = -3*f - 2*f. What are the prime factors of f?
23
Suppose g - 67 + 22 = 2*u, 0 = g + u - 51. What are the prime factors of g?
7
Let i(r) = 2*r**3 + r**2 - r + 1. Let t be i(2). Let p = t + 9. List the prime factors of p.
2, 7
Suppose 2 + 10 = 2*r. Let z = 6 - r. Suppose -4*l + z*l = -68. List the prime factors of l.
17
Let u(i) = 2*i - 2. Let l(t) = 2*t - 2. Let k(m) = -3*l(m) + 2*u(m). Let v(j) = 2*j - 3. Let s(g) = 3*k(g) + 2*v(g). List the prime factors of s(-2).
2
Let c(y) = -y**3 + 2*y + 3. List the prime factors of c(-2).
7
What are the prime factors of (1/(-3))/(10/(-1410))?
47
Suppose 70 = 2*m + 5*v, -2*m - 10 + 72 = v. List the prime factors of m.
2, 3, 5
Let y(w) = -w**3 - 4*w**2 + 2*w + 1. Let x(d) = -2*d**3 - 8*d**2 + 4*d + 3. Let k(b) = 3*x(b) - 7*y(b). Let z = -32 + 28. What are the prime factors of k(z)?
2, 5
What are the prime factors of (-5264)/(-70) + (-1)/5?
3, 5
Suppose c - 2*c + 4*p + 261 = 0, 0 = 3*c - 3*p - 774. List the prime factors of c.
257
Suppose 0 = 10*l - 8*l - 514. List the prime factors of l.
257
Let x be 10/1 - 0/3. List the prime factors of (x*-1)/((-3)/6).
2, 5
Suppose 2*v = 8 - 0. Let c be (33/(-12))/((-1)/v). Suppose c*i - 50 = 6*i. What are the prime factors of i?
2, 5
Let p(u) = -9*u**2 + 3*u - 2. Let a be p(2). Let l = 1 + -9. What are the prime factors of (-88